{"id":89,"date":"2022-07-24T16:38:11","date_gmt":"2022-07-24T16:38:11","guid":{"rendered":"https:\/\/ldpdambovita.ro\/?page_id=89"},"modified":"2026-03-20T10:48:20","modified_gmt":"2026-03-20T10:48:20","slug":"componenta-organelor-de-conducere-cv-uri","status":"publish","type":"page","link":"https:\/\/ldpdambovita.ro\/?page_id=89","title":{"rendered":"COMPONENTA ORGANELOR DE CONDUCERE, CV-URI"},"content":{"rendered":"<div id='full_slider_1'  class='avia-fullwidth-slider main_color avia-shadow   avia-builder-el-0  el_before_av_section  avia-builder-el-first   container_wrap sidebar_right' style=' '  ><div   data-size='featured'  data-lightbox_size='large'  data-animation='slide'  data-conditional_play=''  data-ids='62'  data-video_counter='0'  data-autoplay='false'  data-bg_slider='false'  data-slide_height=''  data-handle='av_slideshow_full'  data-interval='5'  data-class=' '  data-el_id=''  data-css_id=''  data-scroll_down=''  data-control_layout='av-control-default'  data-custom_markup=''  data-perma_caption=''  data-autoplay_stopper=''  data-image_attachment=''  data-min_height='0px'  data-lazy_loading='disabled'  data-src=''  data-position='top left'  data-repeat='no-repeat'  data-attach='scroll'  data-stretch=''  data-default-height='28.666666666667'  class='avia-slideshow avia-slideshow-1  av-control-default av-default-height-applied avia-slideshow-featured av_slideshow_full   avia-slide-slider '  itemprop=\"image\" itemscope=\"itemscope\" itemtype=\"https:\/\/schema.org\/ImageObject\" ><ul class='avia-slideshow-inner ' style='padding-bottom: 28.666666666667%;' ><li  class=' av-single-slide slide-1 ' ><div data-rel='slideshow-1' class='avia-slide-wrap '   ><img decoding=\"async\" class=\"wp-image-62 avia-img-lazy-loading-not-62\"  src=\"https:\/\/ldpdambovita.ro\/wp-content\/uploads\/2022\/07\/20220723_150831-1-1500x430.jpg\" width=\"1500\" height=\"430\" title='20220723_150831' alt=''  itemprop=\"thumbnailUrl\"   \/><\/div><\/li><\/ul><\/div><\/div>\n<div id='av_section_1'  class='avia-section main_color avia-section-default avia-no-border-styling  avia-bg-style-scroll  avia-builder-el-1  el_after_av_slideshow_full  avia-builder-el-last   container_wrap sidebar_right' style=' '  ><div class='container' ><div class='template-page content  av-content-small alpha units'><div class='post-entry post-entry-type-page post-entry-89'><div class='entry-content-wrapper clearfix'>\n<div class=\"flex_column av_one_full  flex_column_div av-zero-column-padding first  avia-builder-el-2  el_before_av_one_full  avia-builder-el-first  \" style='background: #00d5ff; border-width:1px; border-color:#0070e8; border-style:solid; box-shadow: 0 0 10px 0 #000000; background-color:#00d5ff; border-radius:1px; '><div  style='padding-bottom:10px; ' class='av-special-heading av-special-heading-h3    avia-builder-el-3  avia-builder-el-no-sibling  '><h3 class='av-special-heading-tag '  itemprop=\"headline\"  >COMPONEN\u0162A ORGANELOR DE CONDUCERE, CV-URI<\/h3><div class='special-heading-border'><div class='special-heading-inner-border' ><\/div><\/div><\/div><\/div><div class=\"flex_column av_one_full  flex_column_div av-zero-column-padding first  avia-builder-el-4  el_after_av_one_full  avia-builder-el-last  column-top-margin\" style='background: #edddc7; border-width:1px; border-color:#0070e8; border-style:solid; box-shadow: 0 0 10px 0 #0a0a0a; background-color:#edddc7; border-radius:1px; '><section class=\"av_textblock_section \"  itemscope=\"itemscope\" itemtype=\"https:\/\/schema.org\/CreativeWork\" ><div class='avia_textblock  av_inherit_color '  style='color:#000000; '  itemprop=\"text\" ><p><strong>CONDUCEREA SOCIET\u0102\u021aII<\/strong><\/p>\n<table width=\"1154\">\n<tbody>\n<tr>\n<td colspan=\"4\"><strong>Mandate actuale<\/strong><\/td>\n<\/tr>\n<tr>\n<td width=\"43\"><em>Nr. crt.<\/em><\/td>\n<td width=\"208\"><em>Nume \u0219i prenume<\/em><\/td>\n<td width=\"189\"><em>Func\u021bie<\/em><\/td>\n<td width=\"694\"><em>Perioada mandatului<\/em><\/td>\n<\/tr>\n<tr>\n<td width=\"43\">1<\/td>\n<td width=\"208\">Ec. RADU ANDI-CONSTANTIN<\/td>\n<td width=\"189\">Director General<\/td>\n<td width=\"694\"><a href=\"https:\/\/ldpdambovita.ro\/wp-content\/uploads\/2026\/01\/CV-DG.pdf\" target=\"_blank\" rel=\"noopener\" data-saferedirecturl=\"https:\/\/www.google.com\/url?q=https:\/\/ldpdambovita.ro\/wp-content\/uploads\/2022\/07\/CV-Radu-Andi-Constantin-2021.pdf&amp;source=gmail&amp;ust=1749045978383000&amp;usg=AOvVaw0X5D7wmRg3ZqVnz1Mn8ySc\"><strong>18.11.2025 &#8211; 17.11.2029<\/strong><\/a><br \/>\n<strong>01.06.2025 &#8211; 17.11.2025<\/strong><br \/>\n<a href=\"https:\/\/ldpdambovita.ro\/wp-content\/uploads\/2022\/07\/CV-Radu-Andi-Constantin-2021.pdf\" target=\"_blank\" rel=\"noopener\"><strong>01.06.2021 \u2013 31.05.2025<\/strong><\/a><br \/>\n<strong>02.12.2020 \u2013 31.05.2021<\/strong><\/td>\n<\/tr>\n<tr>\n<td width=\"43\">2<\/td>\n<td width=\"208\">Ec. FILIP LAUREN\u021aIU<\/td>\n<td width=\"189\">Director Economic<\/td>\n<td width=\"694\"><strong><a href=\"https:\/\/ldpdambovita.ro\/wp-content\/uploads\/2026\/01\/CV-DE.pdf\" target=\"_blank\" rel=\"noopener\">18.11.2025 &#8211; 17.11.2029<\/a><br \/>\n01.11.2025 &#8211; 17.11.2025<br \/>\n<a href=\"http:\/\/www.ldpdambovita.ro\/wp-content\/uploads\/2019\/01\/CV-Filip-Lauren%c8%9biu-Director-Economic.pdf\" target=\"_blank\" rel=\"noopener\">01.11.2021 \u2013 31.10.2025<\/a><br \/>\n<\/strong><strong>02.08.2021 \u2013 31.10.2021<br \/>\n<\/strong><strong>01.04.2021 \u2013 31.07.2021<br \/>\n<\/strong><strong>03.04.2017 \u2013 30.03.2021<\/strong><\/td>\n<\/tr>\n<\/tbody>\n<\/table>\n<table width=\"619\">\n<tbody>\n<tr>\n<td colspan=\"4\" width=\"619\"><strong>Mandate anterioare<\/strong><\/td>\n<\/tr>\n<tr>\n<td width=\"73\"><em>Nr. crt.<\/em><\/td>\n<td width=\"188\"><em>Nume \u0219i prenume<\/em><\/td>\n<td width=\"172\"><em>Func\u021bie<\/em><\/td>\n<td width=\"186\"><em>Perioada mandatului<\/em><\/td>\n<\/tr>\n<tr>\n<td width=\"73\">1<\/td>\n<td width=\"188\">Ec. AVANU MIHAIL-CRISTIAN<\/td>\n<td width=\"172\">Director General<\/td>\n<td width=\"186\"><strong><a href=\"http:\/\/www.ldpdambovita.ro\/wp-content\/uploads\/2017\/03\/CV-Avanu-Mihail-Cristian-Director.pdf\" target=\"_blank\" rel=\"noopener\">03.08.2016 \u2013 31.10.2020<\/a><\/strong><\/td>\n<\/tr>\n<tr>\n<td width=\"73\">2<\/td>\n<td width=\"188\">Ec. MANOLE MIHAI-ALIN<\/td>\n<td width=\"172\">Director general<\/td>\n<td width=\"186\">16.01.2013 \u2013 05.07.2016<\/td>\n<\/tr>\n<tr>\n<td width=\"73\">3<\/td>\n<td width=\"188\">Ing. PAN\u021aU RADU-FLORIN<\/td>\n<td width=\"172\">Director general<\/td>\n<td width=\"186\">10.11.2008 \u2013 15.12.2012<\/td>\n<\/tr>\n<tr>\n<td width=\"73\">4<\/td>\n<td width=\"188\">Ing. CATRINA VASILE<\/td>\n<td width=\"172\">Director tehnic<\/td>\n<td width=\"186\">28.08.2006 \u2013 28.08.2013<\/td>\n<\/tr>\n<tr>\n<td width=\"73\">5<\/td>\n<td width=\"188\">Ec. TACHE IOAN-VIOREL<\/td>\n<td width=\"172\">Director economic<\/td>\n<td width=\"186\">01.11.2004 \u2013 30.04.2017<\/td>\n<\/tr>\n<tr>\n<td width=\"43\">6<\/td>\n<td width=\"208\">Ing. ANA ION<\/td>\n<td width=\"189\">Director Tehnic<\/td>\n<td width=\"\"><strong><a href=\"http:\/\/www.ldpdambovita.ro\/wp-content\/uploads\/2019\/01\/CV-Ana-Ion-Director-Tehnic.pdf\" target=\"_blank\" rel=\"noopener\">20.03.2014 \u2013 09.02.2025<\/a><\/strong><\/td>\n<\/tr>\n<tr>\n<td width=\"43\">7<\/td>\n<td width=\"208\">Ing. FLEANCU IULIAN<\/td>\n<td width=\"189\">Director Mecanizare<\/td>\n<td width=\"\"><strong><a href=\"http:\/\/www.ldpdambovita.ro\/wp-content\/uploads\/2019\/01\/CV-Fleancu-Iulian-Director-Mecanizare.pdf\" target=\"_blank\" rel=\"noopener\">09.08.2016 \u2013 03.04.2025<\/a><\/strong><\/td>\n<\/tr>\n<\/tbody>\n<\/table>\n<p><strong>CONSILIUL DE ADMINISTRA\u021aIE<\/strong><\/p>\n<table width=\"913\">\n<tbody>\n<tr>\n<td colspan=\"5\"><strong>Mandate actuale<\/strong><\/td>\n<\/tr>\n<tr>\n<td width=\"57\"><em>Nr. crt.<\/em><\/td>\n<td width=\"225\"><em>Nume \u0219i prenume administrator<\/em><\/td>\n<td width=\"196\"><em>Perioade curente<\/em><\/td>\n<td colspan=\"2\"><em>Perioade anterioare<\/em><\/td>\n<\/tr>\n<tr>\n<td width=\"57\"><\/td>\n<td width=\"225\"><\/td>\n<td width=\"196\"><\/td>\n<td colspan=\"2\"><\/td>\n<\/tr>\n<tr>\n<td width=\"57\">1<\/td>\n<td width=\"225\">BOBOAC\u0102 CORNEL<\/td>\n<td width=\"196\">\u00a0<a href=\"https:\/\/ldpdambovita.ro\/wp-content\/uploads\/2024\/09\/CV-CA-LDP-Boboaca-Cornel-2021.pdf\" target=\"_blank\" rel=\"noopener\"><strong>28.08.2025 \u2013 27.08.2029<\/strong><\/a><\/td>\n<td colspan=\"2\">04.08.2025 \u2013 27.08.2025<br \/>\n02.08.2021 \u2013 01.08.2025<br \/>\n<a href=\"http:\/\/www.ldpdambovita.ro\/wp-content\/uploads\/2021\/03\/CV-Boboac%c4%83-Cornel.pdf\" target=\"_blank\" rel=\"noopener\"><strong> 17.11.2020 &#8211; 16.05.2021<br \/>\n<\/strong><\/a><\/td>\n<\/tr>\n<tr>\n<td width=\"64\">2<\/td>\n<td width=\"225\">IOAN FLORIN<\/td>\n<td width=\"196\"><strong>28.08.2025 \u2013 27.08.2029<\/strong><\/td>\n<td width=\"178\">04.08.2025 \u2013 27.08.2025<\/td>\n<\/tr>\n<tr>\n<td width=\"64\">3<\/td>\n<td width=\"225\">MILEA VIOREL<\/td>\n<td width=\"196\"><strong>28.08.2025 \u2013 27.08.2029<\/strong><\/td>\n<td width=\"178\"><b>04.08.2025 \u2013 27.08.2025<\/b><\/td>\n<\/tr>\n<\/tbody>\n<\/table>\n<p>4MIH\u0102L\u0102CHIOIU MARIUS<a href=\"https:\/\/ldpdambovita.ro\/wp-content\/uploads\/2024\/09\/CV-CA-LDP-Mihalachioiu-Marius-2021.pdf\" target=\"_blank\" rel=\"noopener\">\u00a0<strong>02.08.2021 &#8211; 31.07.2025<\/strong><\/a><strong>\u00a021.12.2012 \u2013 21.12.2016<\/strong><\/p>\n<table width=\"840\">\n<tbody>\n<tr>\n<td colspan=\"4\" width=\"840\"><strong>Mandate anterioare<\/strong><\/td>\n<\/tr>\n<tr>\n<td rowspan=\"2\" width=\"64\"><em>Nr. crt.<\/em><\/td>\n<td rowspan=\"2\" width=\"233\"><em>Nume \u0219i prenume administrator<\/em><\/td>\n<td colspan=\"2\" width=\"544\"><em>Perioada mandatului<\/em><\/td>\n<\/tr>\n<tr>\n<td width=\"179\"><em>Durata ultimului mandat<\/em><\/td>\n<td width=\"364\"><em>Durata mandatelor anterioare<\/em><\/td>\n<\/tr>\n<tr>\n<td width=\"64\">1<\/td>\n<td width=\"225\">ANTOFIE CONSTANTIN<\/td>\n<td width=\"196\">\n<table border=\"1\" width=\"0\" cellspacing=\"0\" cellpadding=\"0\">\n<tbody>\n<tr>\n<td width=\"840\"><a href=\"https:\/\/ldpdambovita.ro\/wp-content\/uploads\/2024\/09\/CV.-ANTOFIE-CONSTANTIN.pdf\" target=\"_blank\" rel=\"noopener\"><strong>05.01.2026 \u2013 04.03.2026<\/strong><\/a><\/td>\n<\/tr>\n<\/tbody>\n<\/table>\n<p>&nbsp;<\/td>\n<td width=\"178\"><a href=\"https:\/\/ldpdambovita.ro\/wp-content\/uploads\/2024\/09\/CV.-ANTOFIE-CONSTANTIN.pdf\" target=\"_blank\" rel=\"noopener\">06.08.2024 \u2013 05.10.2024<br \/>\n29.01.2024 \u2013 28.06.2024<\/a><\/td>\n<\/tr>\n<tr>\n<td width=\"57\">2<\/td>\n<td width=\"225\">PAVEL SORIN ION<\/td>\n<td width=\"196\"><a href=\"https:\/\/ldpdambovita.ro\/wp-content\/uploads\/2024\/09\/CV-CA-LDP-Pavel-Ion-Sorin-2021.pdf\" target=\"_blank\" rel=\"noopener\"><strong>05.01.2026 \u2013 04.03.2026<\/strong><\/a><\/td>\n<td colspan=\"2\"><a href=\"https:\/\/ldpdambovita.ro\/wp-content\/uploads\/2024\/09\/CV-CA-LDP-Pavel-Ion-Sorin-2021.pdf\" target=\"_blank\" rel=\"noopener\">04.08.2025 \u2013 03.01.2026<br \/>\n02.08.2021 \u2013 01.08.2025<\/a><\/td>\n<\/tr>\n<tr>\n<td width=\"57\">3<\/td>\n<td width=\"225\">IORGA ALEXANDRU<\/td>\n<td width=\"196\">\n<table border=\"1\" width=\"0\" cellspacing=\"0\" cellpadding=\"0\">\n<tbody>\n<tr>\n<td width=\"840\"><a href=\"https:\/\/ldpdambovita.ro\/wp-content\/uploads\/2024\/09\/CV-CA-LDP-Iorga-Alexandru-2023.pdf\" target=\"_blank\" rel=\"noopener\"><strong>28.08.2025 \u2013 04.01.2026<\/strong><\/a><\/td>\n<\/tr>\n<\/tbody>\n<\/table>\n<\/td>\n<td colspan=\"2\"><a href=\"https:\/\/ldpdambovita.ro\/wp-content\/uploads\/2024\/09\/CV-CA-LDP-Iorga-Alexandru-2023.pdf\" target=\"_blank\" rel=\"noopener\">04.08.2025 \u2013 27.08.2025<br \/>\n20.12.2024 \u2013 31.07.2025<br \/>\n07.05.2024 \u2013 06.10.2024<br \/>\n08.11.2023 \u2013 07.04.2024<\/a><\/td>\n<\/tr>\n<tr>\n<td>5<\/td>\n<td width=\"225\">P\u0102TRA\u0218CU R\u0102ZVAN-C\u0102T\u0102LIN<\/td>\n<td width=\"196\"><strong>20.12.2024 \u2013 31.07.2025<\/strong><\/td>\n<td style=\"text-align: center;\" width=\"178\"><b>&#8211;<\/b><\/td>\n<\/tr>\n<tr>\n<td width=\"64\">6<\/td>\n<td width=\"225\">RADU ANDI-CONSTANTIN<\/td>\n<td width=\"196\"><strong>03.07.2023 \u2013 02.01.2024<\/strong><\/td>\n<td width=\"178\"><strong>24.11.2022 \u2013 23.05.2023<\/strong><\/p>\n<p><strong>17.05.2022 \u2013 16.11.2022<\/strong><\/p>\n<p><strong><a href=\"http:\/\/www.ldpdambovita.ro\/wp-content\/uploads\/2019\/12\/CV-Radu-Andi-Constantin.pdf\" target=\"_blank\" rel=\"noopener\">27.11.2019 \u2013 27.05.2020<\/a><\/strong><\/td>\n<\/tr>\n<tr>\n<td width=\"64\">7<\/td>\n<td width=\"225\">Costea F\u0103nu\u0163<\/td>\n<td width=\"196\"><strong>05.09.2023 \u2013 23.10.2023<\/strong><\/td>\n<td width=\"178\"><strong>02.03.2023 \u2013 01.09.2023<\/strong><\/p>\n<p><strong>08.09.2022 \u2013 07.03.2023<\/strong><\/p>\n<p><strong><a href=\"http:\/\/www.ldpdambovita.ro\/wp-content\/uploads\/2017\/09\/Costea-Fanut-CV-august-2017.pdf\" target=\"_blank\" rel=\"noopener\">01.09.2017 \u2013 29.10.2019<\/a><\/strong><\/p>\n<p><strong><a href=\"http:\/\/www.ldpdambovita.ro\/wp-content\/uploads\/2017\/04\/CV-Costea-Fanut.pdf\" target=\"_blank\" rel=\"noopener\">30.09.2016 \u2013 31.08.2017<\/a><\/strong><\/td>\n<\/tr>\n<tr>\n<td width=\"64\">8<\/td>\n<td width=\"233\">Trifu Marius-Robertino<\/td>\n<td width=\"179\">17.02.2022 \u2013 16.08.2022<\/td>\n<td colspan=\"2\" width=\"364\">02.08.2021 \u2013 31.01.2022<\/td>\n<\/tr>\n<tr>\n<td width=\"64\">9<\/td>\n<td width=\"233\">Olteanu C\u0103t\u0103lin-Cosmin<\/td>\n<td width=\"179\"><strong><a href=\"http:\/\/www.ldpdambovita.ro\/wp-content\/uploads\/2021\/03\/CV-Olteanu-C%c4%83t%c4%83lin-Cosmin.pdf\">02.08.2021 \u2013 21.04.2022<\/a><\/strong><\/td>\n<td width=\"182\"><strong><a href=\"http:\/\/www.ldpdambovita.ro\/wp-content\/uploads\/2021\/03\/CV-Olteanu-C%c4%83t%c4%83lin-Cosmin.pdf\">17.11.2020 \u2013 16.05.2021<\/a><\/strong> \/ <a href=\"http:\/\/www.ldpdambovita.ro\/wp-content\/uploads\/2021\/03\/CV-Olteanu-C%c4%83t%c4%83lin-Cosmin.pdf\"><strong>27.11.2019 \u2013 27.05.2020<\/strong><\/a><\/td>\n<\/tr>\n<tr>\n<td width=\"64\">10<\/td>\n<td width=\"233\">Popescu Claudiu Cezar<\/td>\n<td width=\"180\"><strong><a href=\"http:\/\/www.ldpdambovita.ro\/wp-content\/uploads\/2021\/03\/CV-Popescu-Claudiu-Cezar.pdf\" target=\"_blank\" rel=\"noopener\">17.11.2020 \u2013 16.05.2021<\/a><\/strong><\/td>\n<td colspan=\"2\" width=\"364\">\u2013<\/td>\n<\/tr>\n<tr>\n<td width=\"64\">11<\/td>\n<td width=\"233\">Cristea Gheorghe<\/td>\n<td width=\"180\"><strong><a href=\"http:\/\/www.ldpdambovita.ro\/wp-content\/uploads\/2021\/03\/CV-Cristea-Gheorghe.pdf\" target=\"_blank\" rel=\"noopener\">17.11.2020 \u2013 16.05.2021<\/a><\/strong><\/td>\n<td colspan=\"2\" width=\"364\"><strong>01.09.2017 &#8211; 29.10.2019 \/ 21.12.2012 &#8211; 31.08.2017<\/strong><\/td>\n<\/tr>\n<tr>\n<td width=\"64\">12<\/td>\n<td width=\"233\">T\u0103tulescu Cosmin-Celestin-Stejerel<\/td>\n<td width=\"180\"><strong><a href=\"http:\/\/www.ldpdambovita.ro\/wp-content\/uploads\/2021\/03\/CV-T%c4%83tulescu-Cosmin-Celestin-Stejerel.pdf\" target=\"_blank\" rel=\"noopener\">17.11.2020 \u2013 16.05.2021<\/a><\/strong><\/td>\n<td colspan=\"2\" width=\"364\">\u2013<\/td>\n<\/tr>\n<tr>\n<td width=\"64\">13<\/td>\n<td width=\"233\">Cucui Ion<\/td>\n<td width=\"180\"><strong><a href=\"http:\/\/www.ldpdambovita.ro\/wp-content\/uploads\/2019\/12\/CV-Cucui-Ion.pdf\">27.11.2019 \u201327.05.2020<\/a><\/strong><\/td>\n<td width=\"182\">\u2013<\/td>\n<\/tr>\n<tr>\n<td width=\"64\">14<\/td>\n<td width=\"233\">Perijoc Cerasela<\/td>\n<td width=\"180\"><strong><a href=\"http:\/\/www.ldpdambovita.ro\/wp-content\/uploads\/2019\/12\/CV-Perijoc-Cerasela.pdf\" target=\"_blank\" rel=\"noopener\">27.11.2019 \u2013 27.05.2020<\/a><\/strong><\/td>\n<td colspan=\"2\" width=\"364\">\u2013<\/td>\n<\/tr>\n<tr>\n<td width=\"64\"><\/td>\n<td width=\"233\"><\/td>\n<td width=\"180\"><\/td>\n<td colspan=\"2\" width=\"364\"><\/td>\n<\/tr>\n<tr>\n<td width=\"64\">15<\/td>\n<td width=\"233\">St\u0103ncescu Marius-MIhai<\/td>\n<td width=\"180\"><strong><a href=\"http:\/\/www.ldpdambovita.ro\/wp-content\/uploads\/2017\/09\/Stancescu-Marius-Mihai-CV-august-2017.pdf\" target=\"_blank\" rel=\"noopener\">27.11.2019 \u2013 27.05.2020<\/a><\/strong><\/td>\n<td colspan=\"2\" width=\"364\"><strong><a href=\"http:\/\/www.ldpdambovita.ro\/wp-content\/uploads\/2017\/09\/Stancescu-Marius-Mihai-CV-august-2017.pdf\" target=\"_blank\" rel=\"noopener\">01.09.2017 \u2013 18.11.2019 \/ 23.12.2016 &#8211; 31.08.2017<\/a><\/strong><\/td>\n<\/tr>\n<tr>\n<td width=\"64\">16<\/td>\n<td width=\"233\">\u015eerban Marian<\/td>\n<td width=\"180\"><strong><a href=\"http:\/\/www.ldpdambovita.ro\/wp-content\/uploads\/2017\/09\/%c8%98erban-Marian-CV-august-2017.pdf\" target=\"_blank\" rel=\"noopener\">01.09.2017 \u2013 29.10.2019<\/a><\/strong><\/td>\n<td colspan=\"2\" width=\"364\">\u2013<\/td>\n<\/tr>\n<tr>\n<td width=\"64\">17<\/td>\n<td width=\"233\">Druic\u0103 Gheorghe<\/td>\n<td width=\"180\"><strong><a href=\"http:\/\/www.ldpdambovita.ro\/wp-content\/uploads\/2017\/09\/Druica-Gheorghe-CV-august-2017.pdf\" target=\"_blank\" rel=\"noopener\">01.09.2017 \u2013 29.10.2019<\/a><\/strong><\/td>\n<td colspan=\"2\" width=\"364\"><strong><a href=\"http:\/\/www.ldpdambovita.ro\/wp-content\/uploads\/2017\/09\/Druica-Gheorghe-CV-august-2017.pdf\" target=\"_blank\" rel=\"noopener\">01.08.2012 \u2013 21.12.2016<\/a><\/strong><\/td>\n<\/tr>\n<tr>\n<td width=\"64\"><\/td>\n<td width=\"233\"><\/td>\n<td width=\"180\"><\/td>\n<td colspan=\"2\" width=\"364\"><\/td>\n<\/tr>\n<tr>\n<td width=\"64\">18<\/td>\n<td width=\"233\">Cristea Ioana<\/td>\n<td width=\"180\"><strong><a href=\"http:\/\/www.ldpdambovita.ro\/wp-content\/uploads\/2017\/04\/CV-Cristea-Ioana.pdf\" target=\"_blank\" rel=\"noopener\">28.03.2017 \u2013 31.08.2017<\/a><\/strong><\/td>\n<td colspan=\"2\" width=\"364\">\u2013<\/td>\n<\/tr>\n<tr>\n<td width=\"64\">19<\/td>\n<td width=\"233\">Amuza Alexandru<\/td>\n<td width=\"180\"><strong><a href=\"http:\/\/www.ldpdambovita.ro\/wp-content\/uploads\/2017\/04\/CV-Amuza-Alexandru.pdf\" target=\"_blank\" rel=\"noopener\">23.12.2016 \u2013 31.08.2017<\/a><\/strong><\/td>\n<td colspan=\"2\" width=\"364\">\u2013<\/td>\n<\/tr>\n<tr>\n<td width=\"64\">20<\/td>\n<td width=\"233\">Ana Gheorghe<\/td>\n<td width=\"180\"><strong><a href=\"http:\/\/www.ldpdambovita.ro\/componenta-organelor-de-conducere-cv-urile-membrilor-consiliului-de-administratie-si-ale-directorilor\/index.html#\" target=\"_blank\" rel=\"noopener\">30.01.2013 \u2013 02.08.2016<\/a><\/strong><\/td>\n<td colspan=\"2\" width=\"364\">\u2013<\/td>\n<\/tr>\n<tr>\n<td width=\"64\">21<\/td>\n<td width=\"233\">Mocanu Adrian-Victor<\/td>\n<td width=\"180\"><strong><a href=\"http:\/\/www.ldpdambovita.ro\/componenta-organelor-de-conducere-cv-urile-membrilor-consiliului-de-administratie-si-ale-directorilor\/index.html#\" target=\"_blank\" rel=\"noopener\">01.08.2012 \u2013 20.12.2012<\/a><\/strong><\/td>\n<td colspan=\"2\" width=\"364\">\u2013<\/td>\n<\/tr>\n<tr>\n<td width=\"64\">22<\/td>\n<td width=\"233\">B\u0103rbulescu Emilian-Eugen<\/td>\n<td width=\"180\"><strong><a href=\"http:\/\/www.ldpdambovita.ro\/componenta-organelor-de-conducere-cv-urile-membrilor-consiliului-de-administratie-si-ale-directorilor\/index.html#\" target=\"_blank\" rel=\"noopener\">01.08.2012 \u2013 21.12.2016<\/a><\/strong><\/td>\n<td colspan=\"2\" width=\"364\">\u2013<\/td>\n<\/tr>\n<\/tbody>\n<\/table>\n<p><strong>ADUNAREA GENERAL\u0102 A AC\u021aIONARILOR<\/strong><\/p>\n<table width=\"478\">\n<tbody>\n<tr>\n<td colspan=\"3\" width=\"478\"><strong>Mandate actuale<\/strong><\/td>\n<\/tr>\n<tr>\n<td width=\"64\"><em>Nr. crt.<\/em><\/td>\n<td width=\"233\"><em>Nume \u0219i prenume administrator<\/em><\/td>\n<td width=\"182\"><em>Perioada mandatului<\/em><\/td>\n<\/tr>\n<tr>\n<td width=\"64\">1<\/td>\n<td width=\"233\">DINU VASILE<\/td>\n<td width=\"182\">16.12.2024 \u2013 15.12.2028<br \/>\n17.11.2020 \u2013 16.11.2024<\/td>\n<\/tr>\n<tr>\n<td width=\"64\">2<\/td>\n<td width=\"233\">GAGIU ALIN-MARIAN<\/td>\n<td width=\"182\">16.12.2024 \u2013 15.12.2028<br \/>\n17.11.2020 \u2013 16.11.2024<\/td>\n<\/tr>\n<\/tbody>\n<\/table>\n<p><strong>\u00a0<\/strong><\/p>\n<table width=\"478\">\n<tbody>\n<tr>\n<td colspan=\"3\" width=\"478\"><strong>Mandate anterioare<\/strong><\/td>\n<\/tr>\n<tr>\n<td width=\"64\"><em>Nr. crt.<\/em><\/td>\n<td width=\"231\"><em>Nume \u0219i prenume administrator<\/em><\/td>\n<td width=\"183\"><em>Perioada mandatului<\/em><\/td>\n<\/tr>\n<tr>\n<td width=\"64\">1<\/td>\n<td width=\"231\">Stoica Dorina<\/td>\n<td width=\"183\">27.09.2013 \u2013 20.10.2020<\/td>\n<\/tr>\n<tr>\n<td width=\"64\">2<\/td>\n<td width=\"231\">Mocanu Adrian-Victor<\/td>\n<td width=\"183\">20.12.2012 \u2013 20.10.2020<\/td>\n<\/tr>\n<tr>\n<td width=\"64\">3<\/td>\n<td width=\"231\">Grad Ioan-Florin<\/td>\n<td width=\"183\">22.12.2014 \u2013 15.07.2016<\/td>\n<\/tr>\n<tr>\n<td width=\"64\">4<\/td>\n<td width=\"231\">Paraschiv Drago\u0219-Florin<\/td>\n<td width=\"183\">17.07.2012 \u2013 05.12.2014<\/td>\n<\/tr>\n<tr>\n<td width=\"64\">5<\/td>\n<td width=\"231\">Iacobu\u021b\u0103 Marius-Cristin<\/td>\n<td width=\"183\">02.09.2013 \u2013 27.09.2013<\/td>\n<\/tr>\n<tr>\n<td width=\"64\">6<\/td>\n<td width=\"231\">Staicu Constantin-Dan-Dorin<\/td>\n<td width=\"183\">27.02.2013 \u2013 02.09.2013<\/td>\n<\/tr>\n<tr>\n<td width=\"64\">7<\/td>\n<td width=\"231\">Cristea Gheorghe<\/td>\n<td width=\"183\"><strong><a href=\"http:\/\/www.ldpdambovita.ro\/wp-content\/uploads\/2017\/09\/Cristea-Gheorghe-CV-august-2017.pdf\" target=\"_blank\" rel=\"noopener\">17.07.2012 \u2013 20.12.2012<\/a><\/strong><\/td>\n<\/tr>\n<tr>\n<td width=\"64\">8<\/td>\n<td width=\"231\">Mih\u0103l\u0103chioiu Marius<\/td>\n<td width=\"183\">17.07.2012 \u2013 20.12.2012<\/td>\n<\/tr>\n<\/tbody>\n<\/table>\n<\/div><\/section><\/div><\/div><\/div><\/div><!-- close content main div --><\/div><\/div><div id='after_section_1'  class='main_color av_default_container_wrap container_wrap sidebar_right' style=' '  ><div class='container' ><div class='template-page content  av-content-small alpha units'><div class='post-entry post-entry-type-page post-entry-89'><div class='entry-content-wrapper clearfix'>\n","protected":false},"excerpt":{"rendered":"","protected":false},"author":1,"featured_media":0,"parent":0,"menu_order":0,"comment_status":"closed","ping_status":"closed","template":"","meta":{"footnotes":""},"class_list":["post-89","page","type-page","status-publish","hentry"],"_links":{"self":[{"href":"https:\/\/ldpdambovita.ro\/index.php?rest_route=\/wp\/v2\/pages\/89","targetHints":{"allow":["GET"]}}],"collection":[{"href":"https:\/\/ldpdambovita.ro\/index.php?rest_route=\/wp\/v2\/pages"}],"about":[{"href":"https:\/\/ldpdambovita.ro\/index.php?rest_route=\/wp\/v2\/types\/page"}],"author":[{"embeddable":true,"href":"https:\/\/ldpdambovita.ro\/index.php?rest_route=\/wp\/v2\/users\/1"}],"replies":[{"embeddable":true,"href":"https:\/\/ldpdambovita.ro\/index.php?rest_route=%2Fwp%2Fv2%2Fcomments&post=89"}],"version-history":[{"count":47,"href":"https:\/\/ldpdambovita.ro\/index.php?rest_route=\/wp\/v2\/pages\/89\/revisions"}],"predecessor-version":[{"id":931,"href":"https:\/\/ldpdambovita.ro\/index.php?rest_route=\/wp\/v2\/pages\/89\/revisions\/931"}],"wp:attachment":[{"href":"https:\/\/ldpdambovita.ro\/index.php?rest_route=%2Fwp%2Fv2%2Fmedia&parent=89"}],"curies":[{"name":"wp","href":"https:\/\/api.w.org\/{rel}","templated":true}]}}